ppose -5*z + x*o + 60 = -83, 4*z - 108 = -4*o. What is the units digit of z?
8
Let h = -5208 + 8982. What is the tens digit of h?
7
Suppose -7*a + 22 = 4*a. What is the tens digit of (316 - a)/1 - 50/(-10)?
1
Suppose x - 1 = 10. Suppose x*j - 5*j - 744 = 0. Suppose -4*s + 60 = -j. What is the tens digit of s?
4
What is the thousands digit of 7260077/1032 - 4/(-96)?
7
Suppose -587392 - 241510 = -166*i + 5044344. What is the tens digit of i?
8
Let d(w) = -w - 47. Let m be d(-14). Let r = m - -34. Let c(u) = 56*u + 2. What is the units digit of c(r)?
8
Suppose 4*x = -2*a + a + 6090, 2*x = a - 6054. What is the tens digit of a?
6
Let u(z) = 16*z**3 - 12*z**3 + 18*z**2 + 6 - 9*z**3. Let r(q) = q**3 - q + 1. Let f(o) = -4*r(o) - u(o). What is the units digit of f(18)?
2
Let l(w) = w**3 - 11*w**2 + 28*w - 64. Let p be l(6). Let f = -12 - 23. Let c = f - p. What is the tens digit of c?
4
Suppose f - 95 = 4*n + 336, 3*n - 1278 = -3*f. Let r = -39 + f. What is the units digit of r?
8
Let i be -3 + (-246)/(-22) - 8/44. Suppose 2907 - 627 = i*z. What is the hundreds digit of z?
2
Let p be (-2)/(-6) - (-6)/9 - 43. Let k = -24 - p. Suppose 2*n = n - 4*a - 14, -n - 5*a = k. What is the units digit of n?
2
Suppose -333*r - 1229816 = -9960743. What is the units digit of r?
9
Let s be (27/2)/(10 + (-114)/12). Suppose 17276 = s*c + c. What is the tens digit of c?
1
Suppose 0 = -19*s - 21*s - 4*s. Let n(q) = 56*q + 4. What is the units digit of n(s)?
4
Suppose t + 68*h - 5232 = 70*h, h - 20982 = -4*t. What is the units digit of t?
4
Suppose -3*x + 3881 + 1416 = -4*h, 1765 = x - h. What is the thousands digit of x?
1
Let s(c) be the third derivative of -c**6/20 - c**5/60 - 5*c**4/24 - 2*c**3/3 + c**2. Suppose 140 = -53*r - 17*r. What is the tens digit of s(r)?
5
Suppose -202*l + 210*l - 1688 = 0. Suppose -a = -l - 139. What is the tens digit of a?
5
Suppose -5*m - 3*p + 8 = 0, m - 2*p + 1 = -0*m. Let c be (-119)/(-17) - (m - 0). What is the tens digit of c/18 - (116/(-3) + -1)?
4
Let d = 359 - 366. Let i(n) = -10*n**2 - 16*n - 6. Let o(k) = -k**2. Let g(v) = -i(v) + 6*o(v). What is the tens digit of g(d)?
9
Let b = 21 + -11. Suppose -11 = -p + b. Suppose -20*f = -p*f + 114. What is the hundreds digit of f?
1
Let j(o) = 2*o**2 + 28*o + 47. Let c be -1*(-3 - -4) + -19 + 2. What is the units digit of j(c)?
1
Let y = -60 + 48. Let f be ((-3)/2)/(2/y). Suppose 5*n + 276 = f*n. What is the tens digit of n?
6
Let q be (-2)/8 - (-310)/(-8). Let n = 133 + -105. Let j = n - q. What is the units digit of j?
7
Let v(q) = -q**3 - 22*q**2 - 145*q + 6. What is the tens digit of v(-12)?
0
Suppose 0 = 5*m - 3*s - 44, 7*m - 3*s = 3*m + 34. Suppose m*i = 26*i - 6096. What is the tens digit of i?
8
Let v(r) = 529*r**3 + r**2 + 3*r - 50. What is the hundreds digit of v(3)?
2
Let k be 572/10 - ((-2)/(-5))/2. Suppose -3*z + 435 = k. Suppose -5*t = -3*t - z. What is the units digit of t?
3
Let b(o) = -41*o - 11. Let i be b(9). Let c = -161 - i. What is the tens digit of c?
1
Let n = -1852 + 2381. What is the units digit of n?
9
Suppose 0 = 4*u + 4*f - 61924, -7 = -5*f + 4*f. What is the hundreds digit of u?
4
Suppose 0 = -3*p + 33*p - 4*p - 1084200. What is the ten thousands digit of p?
4
Let r(b) = -1806*b - 6. Let d be r(-2). Suppose -6*q = 192 - d. What is the units digit of q?
9
Let l = 48 - 22. Suppose 2*k = l - 20. Let m(y) = 38*y - 1. What is the units digit of m(k)?
3
Let n(g) = 7*g**2 + 56*g - 9. Let b(s) = -3*s**2 - 28*s + 5. Let r(a) = -9*b(a) - 4*n(a). Let y be r(14). Suppose -6*i = -47 - y. What is the tens digit of i?
3
Let n = -33 + 123. Suppose 5*c + n = x, -4*x + 4*c + 210 = -86. What is the tens digit of x - (-10)/(-1 - 4)?
6
Let i(x) = 7*x - 13. Let f be i(3). What is the tens digit of (-1 - (-3812)/f) + 21/14?
7
Suppose -80*b + 8687 = -118*b + 356311. What is the tens digit of b?
4
Let i(h) be the second derivative of 0 + 17/2*h**2 - 1/2*h**3 + 1/6*h**4 + 35*h. What is the tens digit of i(-10)?
4
Let n(g) = 11*g + 92. Let d be n(-8). What is the tens digit of (-24)/20*30/d*-6?
5
Let d be 2/20 + (-8)/80. Suppose d = 5*l + 5, l + 652 = w - l. What is the units digit of w?
0
Suppose -281428 = -19*a - 19*a + 15*a. What is the thousands digit of a?
2
Let m be 3/(-7) + (-130)/(-91). Suppose 5*w = 4*p - m, -5*w + 10*w = p + 11. What is the tens digit of ((-23)/w)/(22/(-132))?
4
Let m = -48251 - -61043. What is the tens digit of m?
9
Suppose 18*m - 203 = 11*m. Let d = 258 + m. Suppose -5*b = -23 - d. What is the units digit of b?
2
Suppose -5*v = -2*y - 7, -33 = 5*y + v + 2*v. Let l be (-16)/y - 2 - (-72)/(-27). What is the units digit of (-30)/(-10) - l*11?
5
Let r(p) = -276*p + 2169. What is the units digit of r(-63)?
7
Let c(f) = -5*f**3 + f**2 + f - 1. Let j be c(1). Let m = j + -117. Let k = 298 + m. What is the hundreds digit of k?
1
Suppose 5*b + 34877 - 8177 = a, -3*a = -3*b - 80064. Suppose -6298 = 29*x - a. What is the hundreds digit of x?
7
Let y = 6048 + -6044. Let v = 1575 - 907. Suppose -4*q + 1 = 17, -y*s = -4*q - v. What is the tens digit of s?
6
Let z(w) = -7*w**2 - 1185*w - 18. What is the hundreds digit of z(-12)?
1
Let w be ((-27819)/132)/((-6)/8). Suppose 2 = -v - a - 9, 0 = 3*v + 5*a + 35. Let o = w - v. What is the tens digit of o?
9
Suppose -155*m + 136 = -138*m. What is the tens digit of 1198*(76/m + -9)?
9
Let p = 78 - 73. Let c = 3 - p. What is the units digit of ((-42)/(-1))/(-7)*41/c?
3
Suppose i = 2*c - 25917, -10*i + 14*i - 4 = 0. What is the units digit of c?
9
Let f be ((-24)/(-9))/((-2)/3). Let g(m) = 5*m**3 - 3*m**2 - 3*m. Let q be g(2). What is the units digit of f/q + 4 + (-4300)/(-55)?
2
Let a(c) = 23*c**2 - 266*c + 29. What is the hundreds digit of a(-15)?
1
Let v = -448 + 451. Suppose 5*l + 620 = 4*n, -2*n + v*l + 78 = -234. What is the units digit of n?
0
Let g(z) = 6*z - 2. Let t be g(1). Suppose 5*p = -t*c + 5203, 2098 = -2*p + 4*p - 4*c. Suppose 65 = -6*f + p. What is the hundreds digit of f?
1
Let v be (6/3 - 1) + 3 + -3. Let c be 3 + (1 - v)/2. What is the units digit of (-5)/25*1790/(-6)*c?
9
Let x(z) = -28*z**3 + 44*z**2 + 307*z - 13. What is the ten thousands digit of x(-9)?
2
Let b(m) be the second derivative of -m**4/3 + 23*m**3/3 + 13*m**2/2 + 26*m + 1. What is the tens digit of b(11)?
3
Let b = 4967 - 2708. Let d = b - 1611. What is the tens digit of d?
4
Suppose -15012 = 8*b - 44*b. Let g = b - -184. What is the hundreds digit of g?
6
Let x = 218 - 14. Let l = -40 + x. What is the hundreds digit of l?
1
Suppose 3*u + 2*m = 12, -3*u + 0*m - 5*m = -21. Suppose -n + 12 = 3*p, -p = n - 0*n - u. Suppose -p*g + 180 = -0*g. What is the tens digit of g?
3
Let o be 3596/18 + (-6)/(-27). Suppose 5*p + o = -405. Let z = p + 174. What is the units digit of z?
3
Let t be -1 + (70/22 - (-10)/(-55)). Suppose 5*h = 5*b + 1 - 21, -t*b = h - 11. What is the units digit of h*4 + (-92)/(-4)?
7
Let z be 9/27 - 130/(-6). Let a = z - 22. Suppose a*g + 816 = 8*g. What is the hundreds digit of g?
1
Suppose -30*a + 25*a + 10 = 0. Suppose -a*z = -55 - 119. Suppose o - 66 = z. What is the tens digit of o?
5
Let z = 29891 + -5259. What is the hundreds digit of z?
6
Let l = 4 + 0. Suppose -l*k = 5*g + 115, 4*g + 5*k + 66 = -17. What is the tens digit of (-6)/g*-3*-99?
6
Let d be (-170)/(-14) - (-1)/(-7). Suppose -16*n + d*n = -776. Suppose -5*t = -2*f + n, -265 = -0*f - 3*f + t. What is the tens digit of f?
8
Suppose -12*a - 931 = 2*p - 17*a, 5*p + 2316 = a. Let r = 58 - p. What is the tens digit of r?
2
Suppose 19557 = 6*a - 6951. Suppose 8*q - 326 = a. Suppose 16 + q = 7*v. What is the tens digit of v?
8
Suppose -2*a - 5*a = -427. Let h = -44 + a. Suppose h + 12 = v. What is the units digit of v?
9
Let k = 4573 - 2812. What is the units digit of k?
1
Suppose -2*f - 5*v - 74 = 0, -5*f - 9*v - 170 = -4*v. Let q = f - -979. What is the units digit of q?
7
Suppose 0 = 2*u - 51*w + 53*w - 220, -w = -2*u + 220. What is the units digit of u?
0
Let l be ((-25)/50)/(1/(-6)). Suppose 152 = v - 0*s + l*s, 2*s = 4. What is the units digit of v?
6
Suppose 1333*o = 1343*o + 31550 - 82690. What is the hundreds digit of o?
1
Let h(c) = 243*c + 707. What is the thousands digit of h(47)?
2
Suppose -4*o = -2*y - 1321 - 1289, -4*o = -4*y - 2616. Suppose o = 4*d - 4